{"id":43,"date":"2023-11-21T14:28:00","date_gmt":"2023-11-21T14:28:00","guid":{"rendered":"https:\/\/duftspiel.de\/?page_id=43"},"modified":"2024-09-06T14:26:00","modified_gmt":"2024-09-06T14:26:00","slug":"vertriebspartner","status":"publish","type":"page","link":"https:\/\/duftspiel.de\/?page_id=43","title":{"rendered":"Lust auf eine kleine Ver\u00e4nderung?"},"content":{"rendered":"\n<p>Warum z\u00f6gerst Du noch?<br>Du bist nur ein Mausclick davon entfernt, click einfach auf das Bild:<\/p>\n\n\n\n<figure class=\"wp-block-image size-large\"><a href=\"https:\/\/www.chogangroupspa.com\/registration_consultant\/INK05DA0B\" target=\"_blank\" rel=\"noreferrer noopener\"><img loading=\"lazy\" decoding=\"async\" width=\"576\" height=\"1024\" src=\"https:\/\/duftspiel.de\/wp-content\/uploads\/2023\/11\/Vertriebspartner-576x1024.jpg\" alt=\"\" class=\"wp-image-44\" srcset=\"https:\/\/duftspiel.de\/wp-content\/uploads\/2023\/11\/Vertriebspartner-576x1024.jpg 576w, https:\/\/duftspiel.de\/wp-content\/uploads\/2023\/11\/Vertriebspartner-169x300.jpg 169w, https:\/\/duftspiel.de\/wp-content\/uploads\/2023\/11\/Vertriebspartner-768x1366.jpg 768w, https:\/\/duftspiel.de\/wp-content\/uploads\/2023\/11\/Vertriebspartner-864x1536.jpg 864w, https:\/\/duftspiel.de\/wp-content\/uploads\/2023\/11\/Vertriebspartner.jpg 899w\" sizes=\"(max-width: 576px) 100vw, 576px\" \/><\/a><\/figure>\n\n\n\n<p>Was hast du zu verlieren? <br><br>So fing ich mit diesen tollen Business an, was mich gereizt hatte?<br><br>Ich glaube, dass waren nicht die Verdienstm\u00f6glichkeiten alleine.<br>Nein, wenn ich so zur\u00fcck denke, waren es:<\/p>\n\n\n\n<ul>\n<li>die mega guten Produkte,<\/li>\n\n\n\n<li>die freundschaftliche Art im Team (Jeder hilft Jedem),<\/li>\n\n\n\n<li>dabei zu sein, wie man selber und das Team w\u00e4chst.<\/li>\n\n\n\n<li>ausserdem kann ich jeder Zeit aufh\u00f6ren, wenn ich keine Lust mehr haben sollte.<\/li>\n<\/ul>\n\n\n\n<p>Ja, das waren meine ersten Argumente, warum ich es machen wollte. <br><br>Und wenn ich meine Eindr\u00fccke von heute auf damals anwenden w\u00fcrde,<br>w\u00e4ren meine Argumente noch ein Paar mehr, dazu k\u00e4men:<\/p>\n\n\n\n<ul>\n<li>es ist wirklich Alles ganz zwanglos und unverbindlich.<\/li>\n\n\n\n<li>die kostenlosen Schulungen\/Coachings \u00fcber Zoom, machen jede Menge Spa\u00df und bringen auch f\u00fcr die anderen Bereiche im Leben ganz viel. (Man muss an keinen Schulungen\/Coachings teilnehmen, es ist freiwillig)<\/li>\n\n\n\n<li>die Arbeit im Team und in der gro\u00dfen Team Gruppe ist harmonisch und macht mega viel Spa\u00df (wie bereits schon oben geschrieben, absolut freundschaftlich)<\/li>\n\n\n\n<li>und das geilste in meinen Augen ist, es sind einfach die geilsten Produkte (auch wenn das Jeder von seinen Produkten sagt. Aber endlich vertrage ich Parf\u00fcme, Cremes und alles Andere, was ich mir so nie geleistet h\u00e4tte oder nie ausprobiert h\u00e4tte).<\/li>\n<\/ul>\n\n\n\n<p class=\"has-text-align-left has-medium-font-size\">Fazit:<br>Ich lerne so viel und habe so tolle neue Kontakte gewonnen, ich bin froh diesen Schritt gegangen zu sein. <br>Mein Ziel ist es, ein tolles Team zu haben wo sich jeder wohlf\u00fchlt und wo wir mit uns und unseren Kunden ehrlich umgehen.<br>Der Welt etwas Positivit\u00e4t geben und das wir uns selbst jeden Tag von neuen im Spiegel ansehen k\u00f6nnen, ohne zu denken was f\u00fcr ein &#8230;<br>Daher Ehrlichkeit ist die Basis von ALLEM! <br><br>Du hast Lust oder m\u00f6chtest mehr Input,<br>dann melde dich bei mir ganz unverbindlich (versprochen, es ist kein Zwang dahinter).<br><br>inka.gerdesmeier (at) duftspiel.de<\/p>\n\n\n\n<p class=\"has-text-align-left has-medium-font-size\"><br><mark style=\"background-color:#bdf4f6;color:#0e09eb\" class=\"has-inline-color\"><strong>Bereit f\u00fcr den n\u00e4chsten Schritt?<\/strong><br><strong>Los geht\u00b4s!<\/strong><br><strong>Registriere dich hier und werde Teil unserer Community.<\/strong><\/mark><\/p>\n\n\n\n<p class=\"has-text-align-left has-x-large-font-size\"><strong><a href=\"https:\/\/www.chogangroupspa.com\/registration_consultant\/INK05DA0B\" target=\"_blank\" rel=\"noreferrer noopener\"><mark style=\"background-color:#bef6fa;color:#0e09eb\" class=\"has-inline-color\">Zur Registrierung<\/mark><\/a><\/strong><br><\/p>\n","protected":false},"excerpt":{"rendered":"<p>Warum z\u00f6gerst Du noch?Du bist nur ein Mausclick davon entfernt, click einfach auf das Bild: Was hast du zu verlieren? So fing ich mit diesen tollen Business an, was mich gereizt hatte? Ich glaube, dass waren nicht die Verdienstm\u00f6glichkeiten alleine.Nein, wenn ich so zur\u00fcck denke, waren es: Ja, das waren meine ersten Argumente, warum ich [&hellip;]<\/p>\n","protected":false},"author":1,"featured_media":0,"parent":0,"menu_order":0,"comment_status":"closed","ping_status":"closed","template":"","meta":{"footnotes":""},"_links":{"self":[{"href":"https:\/\/duftspiel.de\/index.php?rest_route=\/wp\/v2\/pages\/43"}],"collection":[{"href":"https:\/\/duftspiel.de\/index.php?rest_route=\/wp\/v2\/pages"}],"about":[{"href":"https:\/\/duftspiel.de\/index.php?rest_route=\/wp\/v2\/types\/page"}],"author":[{"embeddable":true,"href":"https:\/\/duftspiel.de\/index.php?rest_route=\/wp\/v2\/users\/1"}],"replies":[{"embeddable":true,"href":"https:\/\/duftspiel.de\/index.php?rest_route=%2Fwp%2Fv2%2Fcomments&post=43"}],"version-history":[{"count":5,"href":"https:\/\/duftspiel.de\/index.php?rest_route=\/wp\/v2\/pages\/43\/revisions"}],"predecessor-version":[{"id":71,"href":"https:\/\/duftspiel.de\/index.php?rest_route=\/wp\/v2\/pages\/43\/revisions\/71"}],"wp:attachment":[{"href":"https:\/\/duftspiel.de\/index.php?rest_route=%2Fwp%2Fv2%2Fmedia&parent=43"}],"curies":[{"name":"wp","href":"https:\/\/api.w.org\/{rel}","templated":true}]}}