{"id":39,"date":"2023-11-19T20:03:04","date_gmt":"2023-11-19T20:03:04","guid":{"rendered":"https:\/\/duftspiel.de\/?page_id=39"},"modified":"2024-05-07T05:56:47","modified_gmt":"2024-05-07T05:56:47","slug":"kontakt","status":"publish","type":"page","link":"https:\/\/duftspiel.de\/?page_id=39","title":{"rendered":"Kontakt"},"content":{"rendered":"\n<p>Inka Gerdesmeier<br>Westernstra\u00dfe 13<br>33154 Salzkotten<br>Deutschland<br><br>inka.gerdesmeier@duftspiel.de<br>+49 (0) 179-7650641<br><br><br>Du m\u00f6chtest Deine Sinne beleben und eintauchen in die Welt der D\u00fcfte,<br>Dann leihe dir ganz unverbindlich meinen Duftkoffer, weitere Details im pers\u00f6nlichen Kontakt.<\/p>\n","protected":false},"excerpt":{"rendered":"<p>Inka GerdesmeierWesternstra\u00dfe 1333154 SalzkottenDeutschland inka.gerdesmeier@duftspiel.de+49 (0) 179-7650641 Du m\u00f6chtest Deine Sinne beleben und eintauchen in die Welt der D\u00fcfte,Dann leihe dir ganz unverbindlich meinen Duftkoffer, weitere Details im pers\u00f6nlichen Kontakt.<\/p>\n","protected":false},"author":1,"featured_media":0,"parent":0,"menu_order":0,"comment_status":"closed","ping_status":"closed","template":"","meta":{"footnotes":""},"_links":{"self":[{"href":"https:\/\/duftspiel.de\/index.php?rest_route=\/wp\/v2\/pages\/39"}],"collection":[{"href":"https:\/\/duftspiel.de\/index.php?rest_route=\/wp\/v2\/pages"}],"about":[{"href":"https:\/\/duftspiel.de\/index.php?rest_route=\/wp\/v2\/types\/page"}],"author":[{"embeddable":true,"href":"https:\/\/duftspiel.de\/index.php?rest_route=\/wp\/v2\/users\/1"}],"replies":[{"embeddable":true,"href":"https:\/\/duftspiel.de\/index.php?rest_route=%2Fwp%2Fv2%2Fcomments&post=39"}],"version-history":[{"count":6,"href":"https:\/\/duftspiel.de\/index.php?rest_route=\/wp\/v2\/pages\/39\/revisions"}],"predecessor-version":[{"id":63,"href":"https:\/\/duftspiel.de\/index.php?rest_route=\/wp\/v2\/pages\/39\/revisions\/63"}],"wp:attachment":[{"href":"https:\/\/duftspiel.de\/index.php?rest_route=%2Fwp%2Fv2%2Fmedia&parent=39"}],"curies":[{"name":"wp","href":"https:\/\/api.w.org\/{rel}","templated":true}]}}